 What is n(o)?
2
Let m(l) = -3*l**3 - 19*l**2 - l - 4. Let o be m(-9). Let t = o - 645. Let i(h) = h**3 - 7*h**2 - 12*h + 12. Give i(t).
-20
Let z = 37 + -29. Suppose 5*b + 2*p - 42 = z, -4*p = 3*b - 44. Let v(n) = -20*n + 8 + 1 + 18*n. Calculate v(b).
-7
Suppose 8*j = 3*b + 79, -2242*b + 2243*b - j = -13. Let r(u) = 3*u**2 + 2 - 5*u + 0 - 4*u**2. What is r(b)?
2
Let j(u) be the second derivative of -u**4/12 + 5*u**3/6 + 3*u**2 + u. Let i be (-19)/(-665)*50*(-21)/(-5). What is j(i)?
0
Suppose -2*f - 3*s = -63, -7*f + 102 = -3*f - 2*s. Suppose 0 = 2*r + r - f. Suppose -r*h + 8 = -6*h + 5*d, 0 = h - d. Let b(y) = -8*y + 1. Calculate b(h).
-7
Let q be 5 + (-9 - (-221)/26)*-4. Let s(w) = w**2 + 18*w - 183. Calculate s(q).
-8
Let d(g) be the first derivative of -g**2/2 - 10*g + 70. Let l(r) = -r**3 - 4*r**2 + 6*r - 1. Let v be l(-5). Determine d(v).
-4
Let p be -15 - ((2 + -5)/(-3) + -3). Let h(s) = -5*s**2 + 14*s + 18. Let d(o) = -33*o**2 + 84*o + 108. Let m(f) = -2*d(f) + 13*h(f). What is m(p)?
5
Let b be ((-124)/168 + 8/48)*-7. Let t be (-4)/((-4)/(0 + 2)). Suppose b*a + 8 = -3*w, t*w = -a - a - 2. Let j(s) = -s - 4. Give j(w).
-8
Let w = 227 + -214. Let c(o) = 7*o - o**2 - w*o + 42 - 43. Give c(-6).
-1
Let x(n) = 218*n**3 + 16*n**2 + 31*n + 19. Let q(k) = -82*k**3 - 5*k**2 - 11*k - 6. Let f(w) = -8*q(w) - 3*x(w). Determine f(5).
16
Let f(d) = d**3 - 10*d**2 + 7*d - 3. Let w(b) = -b**3 + 6*b**2 + 4*b - 15. Let p be ((-9)/5)/((-15)/50). Let g be w(p). Calculate f(g).
-21
Let d(k) = k**2 + k + 1. Let r(t) = -9*t - 3. Let f be r(-2). Let w(x) = -x + 2. Let c be w(-6). Suppose 3*b = -3*s - f, c*s - b = 3*s - 1. Give d(s).
1
Suppose -c + 10 = -y, 2*y - 2*c + 14 = y. Let x be (-1 + -1)*9/y. Let h be (5/x)/(4 - (-11)/(-3)). Let o(i) = -4*i + 5. Calculate o(h).
-15
Let g(n) = 2 - 2*n**2 + 0 + n**3 + 4*n - 4. Let z be 1 + 1 + -3*46/(-6). Let h = -22 + z. Give g(h).
19
Let k(z) = -2*z**2 + 4*z**2 - 48 - 461298*z + 461217*z. What is k(41)?
-7
Let o = -17 - -9. Let k(z) be the second derivative of -z**5/20 - 5*z**4/6 - 8*z**3/3 - 7141*z. What is k(o)?
0
Suppose -5*y + 4*u = 7 - 102, y - u - 20 = 0. Let v be y/((5 - 3) + 1). Let i(k) = -k**3 + 4*k**2 + 6*k + 7. Determine i(v).
12
Let a(i) = -i + 6. Suppose -4*n - 26 = -2*n. Let c(l) = l + 17. Let w be c(n). Suppose 0 = w*g - 73 + 41. Calculate a(g).
-2
Let j(a) = a**3 + a**2 - 2*a - 1. Let k = -68 + 144. Let l be (-3)/5*1 - k/(-10). Suppose -10*o + 27 = l. Give j(o).
7
Let y(g) = -2*g + 43. Let w(i) = 4*i - 50. Let h(c) = 2*w(c) + 3*y(c). Calculate h(-6).
17
Suppose -r = 4*c - 33, 3*r - 12 = -c - 1. Let n(p) be the first derivative of -9/2*p**2 + 1/3*p**3 - 60 + 4*p. Give n(c).
-4
Suppose -192 - 278 = 47*a. Let f(g) = -14*g - 137. Calculate f(a).
3
Let b(w) = w**3 + 6*w**2 - 5. Let p be 1*(-19 + -1 - 1). Let j = p + -12. Let m = j + 27. Give b(m).
-5
Let r(k) = -3*k**2 - 4*k - 5. Let f = 7 + -2. Suppose 4*b - f*n = 4 + 8, -2*b + 16 = -5*n. Give r(b).
-9
Let x(z) = 23*z - 9. Let m(t) = 14*t - 4. Let w(l) = 5*m(l) - 3*x(l). Suppose -28 = -1453*r + 1457*r. Determine w(r).
0
Let u = 429 - 448. Let n(d) = d**3 + d**2. Let g(p) = 5*p**3 - 12*p**2 + 18*p - 16. Let x(t) = g(t) - 6*n(t). What is x(u)?
3
Let f(r) be the first derivative of 9*r**2 - 44*r - 89. Let n be f(3). Let o(v) = -v**2 + 8*v + 5. Give o(n).
-15
Let p(x) = 4*x - 289. Let s(z) = 3*z - 240. Let t(k) = -6*p(k) + 7*s(k). Let d(r) = r**2 - 5*r + 3. Let y be d(7). Calculate t(y).
3
Suppose 23 = 2*c + 15. Let z(d) = -12 + 6 + 7. Let r(n) = -n - 1. Let i(w) = -3*r(w) - 2*z(w). Calculate i(c).
13
Suppose 3956 = 303*w + 3350. Let x(t) = -15*t**2 - 9*t + 9. Let c(n) = -7*n**2 - 4*n + 4. Let h(k) = 9*c(k) - 4*x(k). Calculate h(w).
-12
Let a(x) = 16 + 11 - 3 - 46*x + 11 - 46. Give a(0).
-11
Suppose v - 2*v = 7. Suppose 0 = 7*m - 17 + 3. Let z(n) = -115*n + 116*n + 8 + m. What is z(v)?
3
Let t = 41 + -38. Suppose -8 = 5*r + t*r. Let k(c) = 78 - c - 78 - 5*c**2. What is k(r)?
-4
Suppose 6*d - 5*d = 21. Let m(s) = -24 - d + 2*s + 43. Let t = -6 - -11. Give m(t).
8
Let p(r) = 400*r - 134. Let u(o) = -45*o + 1. Let q(c) = -p(c) - 9*u(c). Calculate q(-24).
5
Suppose -3*a + 8*a + 30 = 0. Let f(d) = d**2 + 3*d - 7. Let x be f(-5). Let t(v) = -4*v + 3*v**x - v**2 + 7 - 2*v**3 + 6*v**2. Determine t(a).
-5
Let l(y) = -161*y - 6281. Let s be l(-39). Let a(c) = -10*c**2 - 17*c - 32. What is a(s)?
-38
Let x(v) be the first derivative of 0*v + 4 + 1/6*v**3 + 7/60*v**5 + 5/24*v**4 - 9/2*v**2 + 1/120*v**6. Let w(q) be the second derivative of x(q). Give w(-6).
7
Let w(f) = 4*f + 11. Let p(o) = 0 + 3 + 6 - 11*o + 14*o. Let z(h) = 5*p(h) - 4*w(h). Calculate z(4).
-3
Let o(c) be the third derivative of c**6/120 + 7*c**5/60 - c**4/8 - c**3 + 16*c**2 - 17*c. Determine o(-6).
48
Let g = -410 - -410. Let m(i) = 2 + 3 + 5 - 13 + i. What is m(g)?
-3
Let d(v) be the first derivative of v**4/4 + 9*v**3 - 59*v**2/2 - 5*v - 3804. What is d(-29)?
24
Let f = -59 + 61. Let s(d) = -8 - f*d**2 + d**2 + 16*d - 23*d. Determine s(-6).
-2
Suppose 3*l = -10 + 85. Let v(i) = i**3 - 24*i**2 - 26*i + 25. Let j be v(l). Let x(p) = -p - 1. Determine x(j).
-1
Let g(o) = -13*o + 80. Let j be g(6). Let m(w) = -28*w + 4. What is m(j)?
-52
Let g(k) = -72504 + 0*k + 5*k + 72449 + k**2 + 0*k - 3*k. What is g(-9)?
8
Let v(i) = -226*i + 20. Let y(n) = -497*n + 41. Let l(x) = 11*v(x) - 5*y(x). Let f(d) = -d**2 + 10*d - 8. Let o be f(7). Calculate l(o).
2
Let a(h) = -2 - 1 + 2*h - 4*h. Let j be ((-20)/25)/(2/(-5)). Suppose -j*z - 3 = 2*v - 1, -11 = z - 4*v. Give a(z).
3
Let a(w) be the first derivative of -1/3*w**3 - 4*w**2 - 4*w - 71. What is a(-7)?
3
Let l(v) be the first derivative of v**3/3 + 3*v**2 - 315*v - 4294. What is l(15)?
0
Let u be 72/(-30)*(-100)/6. Let s be 14/(-63) + u/18. Suppose 18 = s*i + 8. Let h(o) = o**3 - 6*o**2 + 7*o - 6. Calculate h(i).
4
Let a(m) = m**3 + 2*m + 3. Let l be a(-1). Let s(c) = l - 239*c**2 + 7 + 238*c**2 - 5*c. Determine s(-7).
-7
Let r = -902 - -907. Let q(s) be the third derivative of -s**5/60 + s**4/4 + 2*s**2. Give q(r).
5
Let l(t) = -18*t**2 + 6*t + 32. Let f(y) = 18*y**2 - 6*y - 36. Let u(g) = 7*f(g) + 8*l(g). Determine u(-2).
-80
Let m(l) = -4*l**2 - 29*l + 73. Let c(o) = -2*o**2 - 16*o + 34. Let r(g) = -5*c(g) + 3*m(g). What is r(-7)?
0
Let v(i) be the first derivative of i**3/3 + 5*i**2/2 - 3*i - 89. Suppose 3*n - 1 - 2 = 0. Let w be (n - -1)*(-6 - -4). Give v(w).
-7
Let n(p) = 7 + 142603*p - 285251*p + 3 + 142599*p. Determine n(-3).
157
Suppose 0 = -3*l + 4*h + 13, 11*l + 3*h - 34 = 7*l. Let d(z) = -3*z + 18. Give d(l).
-3
Let q(w) = -w**2 - 2*w. Suppose 0*t - 28 = -o - 4*t, -2*t + 10 = 0. Suppose -o*u - 39 = 5*u. Calculate q(u).
-3
Let m be -1 + -1*4*-1. Let r(a) = m*a + a + 2*a - 7*a**2 + 8*a**2 - 1. Let j = -9402 - -9398. Determine r(j).
-9
Let p(a) be the first derivative of -3*a**4/4 - 8*a**3/3 - 9*a**2/2 - 12*a - 24. Let i(f) = -4*f**3 - 7*f**2 - 8*f - 12. Let q(g) = 2*i(g) - 3*p(g). Give q(-9).
-6
Let l(q) = -8*q - q**2 - 25 - q + 52 - 18. Let r(k) = 3*k**2 + 25*k - 26. Let b(g) = -17*l(g) - 6*r(g). What is b(-4)?
-25
Let y(r) = 2*r**2 + r - 8. Let x be y(2). Let p be 1*12/x + 21/(-7). Let w(d) = -7 + 7 - 9*d - p - d**2. Determine w(-8).
5
Let o(b) = -7*b**2 + 5*b. Let k(x) = 5*x**2 - 6*x + 1. Suppose 66 = -35*y + 13*y. Let q(g) = y*k(g) - 2*o(g). Suppose i = -3*i + 28. Give q(i).
4
Let x = 164 + -137. Let p(t) = -94*t + 21*t + 10 + x*t + 19*t + 29*t. Determine p(-11).
-12
Let q(s) = 5*s**2 - 98*s - 43. Let f be (-20360)/(-1020) + 10/255. Give q(f).
-3
Let s(c) = c**3 + 5*c**2 - 6*c + 2. Let t be (-15)/2*(-100)/(-6). Let d(r) = -10*r + 39. Let q be d(-8). Let f = q + t. What is s(f)?
2
Let y(g) = 145*g**3 - 69*g + 63 - 58 + 9*g**2 - 280*g**3 + 136*g**3. What is y(-14)?
-9
Suppose 101 = -17*f + 169. Let y(p) = -1549*p**2 + 1551*p**2 + 3*p**3 + 4*p + 3 - 4*p**3. Determine y(f).
-13
Let k(u) = -27*u**2 - 27*u + 43. Let y(l) = 67*l**2 + 55*l - 86. Let d(q) = -5*k(q) - 2*y(q). Give d(-23).
-89
Let w(o) = -40*o**3 + 1. Let t be w(1). Let m = 42 + t. Let j(a) = -3 + 1 - 2 - 2*a - m. Determine j(-5).
3
Let b(i) = 121*i**3 + 1 - 55*i**3 + i**2 - 67*i**3. Let t(n) = -n**2 + 2*n + 21. Let s be t(0). Suppose k - 23 + s = 0. What is b(k)?
-3
Let v(o) be the third der